-6)?
1
Let z(d) = d**2 - 5*d + 7. Let x(v) = -v**2 + 6*v - 6. Let w(s) = -4*x(s) - 3*z(s). Let b = -18053 - -18062. Determine w(b).
3
Let z(b) = -97*b**2 + 17*b + 3. Let f(i) = 33*i**2 - 6*i - 1. Let a(s) = -17*f(s) - 6*z(s). Let o(h) = 21*h**2 - 1. Let y(u) = 6*a(u) - 5*o(u). Give y(1).
20
Suppose -13*z + 21 = -5. Let f(o) = -236*o**2 + 1 + 483*o**z - 229*o**2 - o. Determine f(1).
18
Let g(a) = -374159 - 374199 + 748364 + 13*a. Suppose -2*b + 3*w = 10, b + b = 4*w - 10. Determine g(b).
-59
Let b(k) be the first derivative of k**7/840 - k**6/120 - k**5/40 + k**4/8 - 22*k**3/3 - k - 55. Let l(o) be the third derivative of b(o). Calculate l(4).
7
Let c(t) = 4*t**3 - 22*t**2 + 57*t - 49. Let w(i) = -i**3 + 4*i**2 - 14*i + 12. Let s(y) = -2*c(y) - 9*w(y). Give s(-6).
-10
Let t(d) be the third derivative of -42*d**2 + 0 - 1/6*d**3 - 5/24*d**4 + 0*d. Calculate t(4).
-21
Suppose 160 = 5*y + 180. Let l(n) = 32*n + 2 - 12*n + 4*n**2 + n**3 - 17*n. What is l(y)?
-10
Let o(c) = 10*c**2 + 5*c**2 + 0 + 2*c - 20*c**2 + c**3 - 4. Let v = -2 + 0. Let b(p) = p - 1. Let h(y) = v*b(y) + o(y). Give h(5).
-2
Suppose -3*p - 8 = -2*h - 2*p, 2*p + 13 = h. Let k(d) = 15*d**2 - d + 1. What is k(h)?
15
Let g = 672 - 559. Let l = 118 - g. Let o(w) = 5*w - 14. Give o(l).
11
Let z(m) = -172*m + 53*m + 59*m - 12 + 61*m. Calculate z(24).
12
Suppose 0*o + o = 0. Let p(s) = 12*s - 1. Let f(h) = -5*h + 3. Let b(n) = 20*n - 10. Let r(v) = 2*b(v) + 7*f(v). Let d(z) = 3*p(z) - 7*r(z). Give d(o).
-10
Let w(u) be the second derivative of u**3/6 + 9*u**2 - u - 52. Let j be w(-8). Let t(z) = -z + 11. Give t(j).
1
Suppose 0 = 12*s + 60 - 0. Let z(g) = g**2 + g + 1. Let i(n) = n**3 - 8*n**2 - 9*n - 5. Let l(v) = s*z(v) - i(v). Suppose -t + 20 = 4*t. Calculate l(t).
0
Let k(p) = -p - 19. Let m(g) = 4*g**2 - g. Let w be m(1). Suppose -3*x - w*x = 2*x. Determine k(x).
-19
Let y(p) be the second derivative of -p**5/20 - 13*p**4/12 - 11*p**3/3 - 7*p**2/2 + 9216*p. Determine y(-11).
-7
Let i(j) = -j**2 + 5*j - 2. Suppose 6*k - 5*r - 545 = k, 214 = 2*k - 3*r. Suppose -k*q + 110*q = -12. Calculate i(q).
2
Let s(y) = 7*y + 102. Let x(l) = -57*l - 843. Let q(o) = -33*s(o) - 4*x(o). What is q(-2)?
12
Let z(f) = -3*f + 2 + 2*f**2 - 2*f + 4*f. Suppose 152*m = 163*m + 33. What is z(m)?
23
Suppose 9*a + 758 - 794 = 0. Let m be (0/(-2))/(-3 - -2). Let v(y) = y + m*y + 2*y**2 - 8*y + 4. Calculate v(a).
8
Let q(k) be the third derivative of -1/120*k**6 + 1/6*k**3 + 0*k + 5/24*k**4 + 56*k**2 - 1/20*k**5 + 0. Determine q(-4).
-3
Let j = 7 + -11. Let r = j - -8. Suppose 22*n - 23*n = -r. Let z(s) = -s - 1. Calculate z(n).
-5
Let o(i) = -12*i**2 + 1. Suppose k - 8 = -m + 5, k = 2*m - 14. Let b be 2/(3/m*3). Suppose 3*c = -5*g + 17, -b*c + 18 = 2*g + 2*c. Determine o(g).
-11
Let p(t) be the first derivative of 2*t**3/3 + t**2 - 7*t - 5382. Calculate p(2).
5
Let p(t) be the first derivative of t**3/3 + 7*t**2/2 + 4*t - 2. Let w(x) = -x**3 - 3*x**2 + 4*x + 7. Suppose 34 = 9*v + 61. Let o be w(v). Calculate p(o).
-6
Let w(z) = z**2 + 5*z - 11. Let x(m) be the third derivative of m**3/6 + 10*m**2. Let v(p) = -w(p) - 6*x(p). Let y = -19 - -14. What is v(y)?
5
Let k(p) = -8*p + 32. Let x be ((-1712)/64 + 26)/(3/(-20)). Give k(x).
-8
Let s(h) = h**2 + 6*h. Let p be (10/45)/((-5)/(-90)). Suppose p*f + 25 = -3. Give s(f).
7
Let f(o) = -3*o**2 + 6*o - 8. Let x be f(1). Let j be 27/x + -1 + (-2)/(-5). Let l(p) = 2*p + 1. What is l(j)?
-11
Let k(o) be the first derivative of 2*o**3 + 1/4*o**4 - o - 4*o**2 + 202. Determine k(-7).
6
Let h(u) = -u**2 + 9*u - 7. Suppose 7*g - 24 = 6*g + 4*i, -3*i - 36 = -3*g. Calculate h(g).
1
Let p(g) be the third derivative of g**7/840 - g**6/72 - g**5/15 + g**4/3 + 11*g**3 - 14*g**2. Let y(d) be the first derivative of p(d). What is y(6)?
-4
Suppose 3*p + 3*q = -2*p + 1243, -4*q + 737 = 3*p. Let k = p + -250. Let f(r) be the third derivative of -3*r**6/40 + r**4/24 + 2*r**2. Give f(k).
-8
Let d(h) = h - 11. Let y(l) = -l**2 - 24*l - 81. Let x be y(-18). Suppose x - 9 = -9*v. Let q be 9/(-6)*v + (-6)/(-3). What is d(q)?
-6
Let x(w) = 4*w - 5. Let i(k) = -140*k - 135*k + 2 + 280*k - k**2. Let h be i(0). Calculate x(h).
3
Let t(z) be the second derivative of -z**4/12 - 28*z. Let s = -10 + 2. Let n be (-2)/(s/(-20)) + 3. Give t(n).
-4
Let f(z) = 11*z**2 + 8*z + 18. Let m(d) = -7*d**2 - 5*d - 12. Let a = 3 - -2. Let h(l) = a*f(l) + 8*m(l). Suppose -4*c - 2*n = 0, -3*c - 3*n = -7*n. Give h(c).
-6
Let j be (4/(-10))/((-132)/(-110))*3. Let p be (60/(-6) - -4)/j. Let u(m) = m**3 - 6*m**2 - 5. Determine u(p).
-5
Let n(q) = q + 1. Let a be (-2)/((6/(-26))/((-6)/(-4))). Suppose 1000 = -a*o + 23*o. Let g = -95 + o. Give n(g).
6
Let r(q) be the third derivative of q**5/120 - q**4/8 - 17*q**3/6 - 61*q**2. Let t(m) be the first derivative of r(m). What is t(2)?
-1
Let p(d) = 44*d**2 - 12003 - 12020 - 2*d**3 - 41*d + 24005. Determine p(21).
3
Let v(o) = 13*o + 1149 + 16*o - 2*o**2 - 8*o - 1164. Determine v(10).
-5
Let u(k) = 5*k**2 - 18*k - 9. Let m(f) = -85*f - 420. Let h be m(-5). What is u(h)?
26
Let n(b) = 3*b + 23. Let z = -890 + 880. Give n(z).
-7
Let b = -135 + 103. Let q be (b/(-10))/8*-10. Let k(h) = -2*h**2 - h**2 + 6 + 6*h - h**3 + 0*h**3. Calculate k(q).
-2
Let q be (1054*1 - 1) + (-10 - -6). Let b(v) = -3*v + 525 + 525 - q. Let o be 4/(-4) - (2 - 2). Give b(o).
4
Let f = -1815 + 1814. Let s(m) be the second derivative of 1/2*m**2 + 1/6*m**3 + 1/12*m**4 + 0 + 3*m. Give s(f).
1
Let z(s) = -s**3 + 7*s**2 - 5*s - 1. Let n(t) = 2*t**3 + 98*t**2 - 100*t + 21. Let r be n(-50). Suppose -21*x - r*x + 252 = 0. Give z(x).
5
Let j(i) = 2*i + 23. Let v be 11/((-440)/(-16)) + 6/10. Suppose 5*a + v = -69. Let s be j(a). Let o(t) = t**3 + 5*t**2 + 2*t - 2. What is o(s)?
-12
Let w(p) be the second derivative of -5/6*p**3 - 1 + 2*p**2 + 9*p - 1/20*p**5 - 5/12*p**4. Calculate w(-4).
8
Let c(p) = -p**2 + 85*p - 19. Let k(f) = f**2 - 75*f + 17. Let m(n) = 6*c(n) + 7*k(n). Calculate m(12).
-31
Let g(b) = 77*b - 14. Let d(a) = 26*a - 5. Let w(i) = -17*d(i) + 6*g(i). Let n be (1 - 7/35)/((-2)/10) - -3. Calculate w(n).
-19
Let g = -1273 + 1272. Let j(b) = -8*b**2 + 3*b + 4. What is j(g)?
-7
Let p(z) = z**2 - 19*z + 13. Let j = -1723 - -1736. What is p(j)?
-65
Let f = -690 - -728. Let t(a) = -52*a**3 - f*a**3 + 91*a**3 - 8*a**2 + 3*a + 6. Calculate t(7).
-22
Let h(w) = 4*w**2 + 2*w - 1. Let i(b) = 5*b - 1. Suppose -24 + 6 = 3*k. Let u be i(k). Let f = u - -32. Determine h(f).
5
Let k(h) = h**3 + 5*h**2 - 3*h + 4. Let f be 7*(-29 + 23 + 10/2). Let s be 44/f - (40/7 - 6). Give k(s).
-14
Suppose -6*u + 4 = -5*u. Suppose -3*b + u*k + 72 + 45 = 0, 2*b - k = 73. Let t(n) = 18*n + 21 - 6*n + n**2 + b - 42. What is t(-11)?
3
Suppose 5*m + 5*d + 5 = -30, -5*d - 5 = 0. Let i(z) = z**3 + 7*z**2 + 8*z + 13. Let l be i(m). Let v(f) = -183 - 184 + 541 - 174 + 9*f**2. What is v(l)?
9
Let x(s) = 7*s**3 + 2*s**2 - 8*s - 8. Let h be x(-1). Let w(a) = 4*a + 14. Calculate w(h).
-6
Let q(m) be the first derivative of -5*m**2 + 21*m + 7713. Give q(1).
11
Let q(i) = -26*i + 6. Let c(b) = 1. Let k(n) = 5*c(n) - q(n). Let y(f) = -202*f + 4243. Let r be y(21). Give k(r).
25
Let v(x) be the third derivative of -x**6/120 + 11*x**5/60 - 11*x**4/24 - 5*x**3/6 + 6503*x**2. What is v(10)?
-15
Let i be -5 + 6/(-12)*-96. Let j be i/15 - 108/(-810). Let r(l) = -l**3 + 4*l**2 - 3*l - 3. Determine r(j).
-3
Let z be (1 - -8)*((-1260)/162)/(-14). Let n(q) be the third derivative of q**2 + 0*q**4 - 1/60*q**z + 0*q + 1/120*q**6 + 0 + 1/6*q**3. What is n(-1)?
-1
Let v(g) = g**2 - 12*g + 13. Let q(y) = 34*y + 617. Let f be q(-18). Calculate v(f).
-22
Let f(x) be the second derivative of x**8/6720 + x**7/420 + x**5/20 - x**4/6 - x**3/3 - 10*x - 4. Let q(r) be the third derivative of f(r). Determine q(-5).
31
Suppose 0 = -6*p + 32 - 38. Let r(j) = -1 + 35*j + 15*j - 59*j. Calculate r(p).
8
Suppose 6*g + 5*l + 5 = g, 1 = 2*g + 3*l. Let o(z) = 8*z - 21. Let f(m) = 3*m - 8. Let w(y) = g*o(y) + 11*f(y). Let k be -7 - -1 - 2*-1. Determine w(k).
-8
Let h(a) be the second derivative of a**4/12 + a**3/2 - a**2/2 + 4*a. Let c = -28 + 31. Suppose b = c*w + 11, -w = 6*b - 5*b + 9. Give h(w).
9
Let w(t) be the first derivative of -t**4/4 + 3*t**3 - 9*t**2/2 - 19*t + 24